is 46 - 164 - (194 - 219)?
-93
-32 - (-30 + -34 + 43)
-11
What is (-155 - (31 + -111)) + 54?
-21
Calculate 0 + -29 - (8883 + -8856).
-56
What is the value of -9 + 0 + 64 + -170 - ((7 - 26) + 7)?
-103
What is 2 - (-1 - 16 - (-1 + 29 + -38))?
9
-2 + 1 - -5 - (20 - 119 - -95)
8
What is 5 + 5 + 6 + -6 - 48?
-38
-3 + 33 + -89 + 26
-33
(-388 - -390) + (-77 - (1 - 6) - 4) + -2
-76
Evaluate (20 + -29 - (-9 + 0)) + (37 - (5 + -7)).
39
What is the value of -12 + -3 + -45 + 73 - -3 - (30 - -1)?
-15
What is the value of 55 - 101 - -62 - 46?
-30
Calculate (-2 - -8 - (68 - 6)) + (0 - 2) + 6.
-52
17 + -28 + (133 - (4 + (-3 - (5 - 5))))
121
Evaluate (44 + -157 - -122) + 91.
100
(12 - 2) + 0 + (25 - (76 + -91))
50
What is the value of 9 - 16 - (17 - 0)?
-24
Evaluate -23 + -23 + (-6 - -99) + 3.
50
What is the value of -1 - ((-77 - -83) + (39 - 4))?
-42
Calculate 16 + (-2 - 105) + 61.
-30
Calculate 250 + -125 + -144 - (-66 + 0).
47
What is 0 + 3 + -3 + -27 + 87 + -98?
-38
What is (-37 - -39 - (0 + 69)) + -4 + (4 - -5)?
-62
What is the value of -3 + (-24 - (7 + 7)) + (-14 - 2)?
-57
What is the value of -7 + (-50 - (-22 + (83 - 34)))?
-84
2 - -11 - ((-7 - (-18 - 5)) + 56 + -60)
1
What is -17 - ((-1 - 8) + 60 + -68)?
0
What is the value of -64 + 95 + -19 + -24?
-12
What is 21 - (-56 + (35 - -27))?
15
What is -83 + 32 + -43 + 62?
-32
What is the value of 54 + 3 - (199 + -98)?
-44
17 + (-4 - 5) + 2 + 2 + 7 + -75
-56
Calculate 12 + (3 + (-12 - 0) - 31).
-28
What is the value of -27 - 51 - (1 - -2 - (11 + 1 + -4))?
-73
0 - 68 - ((-9 - 6) + (234 - 225))
-62
Evaluate -11 + (4 - 3) + 87 + -19 + 8.
66
Evaluate -36 + 94 + -64 + 1 + 81 + (-2 - -5).
79
What is -181 + 120 - (-19 + 46) - 46?
-134
What is -350 + 243 - (6 - -1) - -30?
-84
What is the value of (-6 - 0) + 27 + 2 + -17?
6
(14 - -5) + -26 + 36 - 18
11
What is -13 - (-3 + 1) - (-16 + -30)?
35
What is the value of -24 + (64 - (-7 - -48))?
-1
-239 - (-70 + -168) - (-3 + 1 + 44)
-43
What is (91 + -69 - 20) + (22 - -3)?
27
Evaluate -76 + (-12 - -86) + (138 - -3).
139
What is (-30 - -7) + (-13 - (12 + -1 - 24))?
-23
What is 92 + (46 + -38 - 116)?
-16
(-35 - -21) + (-146 - -68)
-92
Evaluate -80 - ((-35 - -2) + 676 + -655 - (-14 - -1)).
-81
-101 + -4 - (-4 - -2 - (6 + (-16 - -20)))
-93
71 + (-43 - (-55 - -16)) - (-4 + 2)
69
Evaluate 8 - (52 + (-21 - -11) + 1).
-35
Calculate (1 - 18 - -5) + (-8 - (12 - (-12 + 20))).
-24
Calculate (-34 - (14 - 45)) + -2 + 15 - 56.
-46
Evaluate -21 + (-12 + 21 - -57) - (-1 - 1).
47
What is the value of -2 + 11 + -16 + (3 + -10 - -5) + 84?
75
(33 + -2 - 2) + (653 - 652)
30
What is 6 + -18 - (-2 + (2 - 5) + -44)?
37
Calculate -1 + -33 + (2302 - 2284) + (-75 - -3).
-88
75 - 6 - (-9 - (-18 - -14 - 21))
53
What is -232 - -212 - (1 - (-4 - (-4 + 2 + -4)))?
-19
What is the value of -12 + (11 - -72) + 11 + (-4 - 2 - -11)?
87
What is the value of 2088 + -1991 + -55 + -1?
41
Calculate 0 - (6 - -14) - (19 - (-7 - -13)).
-33
3 + (-5 - -3) + -3 + (-21 - -8) + 51
36
(-45 - -18) + 50 + (-15 - 32)
-24
Calculate 28 - 20 - (-141 - -139).
10
What is (-74 + 42 - (-6 - -2)) + 2?
-26
What is the value of (0 - -20) + 66 + -49 + 35 + 10?
82
What is the value of 45 - (22 + (10 - -2 - 17))?
28
What is the value of -6 + 2 + (194 - 161) - 109?
-80
What is 6 - (32 + -75) - 67?
-18
Calculate 141 - (1 - -2) - 42 - 2.
94
Evaluate -33 + (-2 + -51 - -50).
-36
(-3 - 16) + -53 + 22 + -17
-67
Calculate 12837 + -12730 + (-13 - (1 - -1 - 3)).
95
31 - 19 - 11 - (0 + 9 - -4)
-12
Evaluate 15 - ((-20 - -23) + 3 - 4).
13
What is the value of 13 + -5 + 2 + (17 - (-12 - (5 + -12)))?
32
Evaluate 58 + -1 + (-14 + 1 + -7 - (-3 - 6)).
46
Calculate 2 - (3 + 5) - (351 + -405).
48
What is the value of 53 - (49 + 48 - 86)?
42
What is -19 - (7 + (-24 - (-8 - (2 - 0))))?
-12
Calculate -2 + 2 + (45 - 5) + 3 + (52 - 57).
38
What is the value of 0 - -23 - (-5 + 95 - 72)?
5
Evaluate -50 + -42 + 71 - -158 - 39.
98
What is -2 + -9 + 2 - (8 - (18 - 33) - -20)?
-52
Evaluate -46 + 0 + (-7 - -7) - (3582 - 3574).
-54
What is (1 - -44) + 31 + 4 + -13 + -9 - 5?
53
Evaluate 32 + 19 + -111 - (-12 + -1).
-47
What is the value of 56 + -73 - ((5 - (-2 + 12)) + 7)?
-19
What is the value of (-1 - (0 - 2)) + 7 + (149 - (118 - -87))?
-48
What is 1 + 66 + (-302 - -282) - 10?
37
-15 - (-4 + (72 - 13))
-70
Calculate (-12 - (6 + -18 + 9)) + 12 - 33.
-30
Calculate 0 - 1 - 7 - (-207 - (-41 + -135)).
23
Calculate 34 + -3 - (-705 + 707).
29
What is the value of -11 + (43 + -53 - 2)?
-23
What is (34 + 2 - (-1102 + 1114)) + 47?
71
What is the value of -119 - (-132 - -179 - 207)?
41
Calculate 39 - (2 - (54 - 134)).
-43
Calculate 1 + (48 - 72) + 36.
13
Evaluate -49 - (17 - 36) - -22.
-8
What is -8 - (-75 - -12 - -96)?
-41
What is the value of 23 + -37 - -24 - (-49 - 1) - 13?
47
What is the value of -28 - -57 - 125 - -26?
-70
What is (4 - 12) + (8 - -6) + -14 + -10?
-18
What is 48 - (159 + -58) - ((-8 - -1) + (2 - 1))?
-47
Calculate 1310 + -1310 - (-49 + (2 - 3) + 2).
48
What is -4 - 63 - (-77 + 70)?
-60
What is 36 + (0 - -11 - (14 + -20 - -10))?
43
Evaluate 3 + 3 - 1 - (9 - (39 - 47)).
-12
Calculate (-1 - -11 - 0 - (3038 - 3023)) + (6 - 84).
-83
What is 273 - 181 - 28 - (-1 + 16)?
49
What is (50 - -20) + (-69 - -43)?
44
29 + -33 + -41 + -29 - (-19 + -1)
-54
What is the value of -21 + (-50 - -123) + 5?
57
What is 0 - -21 - (-5 + -3 + 4) - 10?
15
Evaluate (-1 + 10 - -1) + (-121 + 94 - 7).
-24
Evaluate -1 + 13 + -1 - (-812 + 854 - (25 - 2)).
-8
What is the value of (28 - (5 - 4 - -8)) + -11 + 25?
33
What is the value of -8 + -3 + (140 - 114)?
15
-32 + (25 - (4 + -3)) + 12 + 2 - 18
-12
Calculate 63 - (-1 - -38 - -101).
-75
Evaluate 255 + (99 - 206) + -75.
73
What is (-7 - 12) + -9 + 9 + 3 + -3?
-19
What is (2 - (5 + -2) - 1) + (-5338 - -5401)?
61
Evaluate 5 + (5 - -39) + (-8 - -44).
85
What is -127 + -2 + -2260 + 2435?
46
What is the value of -5 + 12 + -9 + 14 - (126 - 44)?
-70
-35 - (42 + -110) - 86
-53
What is (23 - 15 - 19) + (40 - (-8 + -9 + 19))?
27
(-29 - (55 + -125)) + -104
-63
28 + -97 + 13 + 40
-16
Evaluate (106 - -1) + (-1 - 11 - (50 + -47) - -9).
101
Calculate (-10 - (1 - 8) - -6) + -85 - (6 - 1).
-87
What is the value of -104 - (-124 + 3) - -23?
40
What is (-6 - 1) + 2 + (-48 - (2 - 17 - 1))?
-37
Calculate 99 - (82 - 143 - -136).
24
Calculate -3 + -24 + (-19 + 16 - 5) + 19 + -7.
-23
Evaluate (-3 - 38) + 3 + (-45 - 7) + 39.
-51
Calculate -15 + (6 - (30 - (5 + -3 + -6))).
-43
-3 + 4 - -1 - (138 + -193)
57
Calculate 13 + -55 - (-72 - -8).
22
What is 240 + -253 - (-32 - 4)?
23
What is 3 - -21 - (-70 + 51)?
43
What is (-22 + 0 + 7 + 77 - -8) + 2?
72
What is the value of (-9 - -19) + (-8 - -15) + -74 + -5 + -2?
-64
Calculate -35 + (-25 + 6 - 19).
-73
Calculate 74 - (-1 + (-61 - -117)).
19
What is the value of 60 + -17 + (28 - 61)?
10
Calculate 55 - ((0 - 4) + (14 - (-9 - -26))).
62
(1 - (-7 + 9)) + -22 - (4 + -7 + 9)
-29
Evaluate 1274 + -1295 + (3 - (0 - 0)) - -47.
29
What is (20 + 2 + -3 - 78) + 14?
-45
Evaluate -219 + 221 + -2 + -5 + (-10 - -24) + 106.
115
What is the value of (5 - -68) + 20 + -1 + -28 + -7?
57
What is 69 + (5 + 3 - 2) + -2 + -6 + -1?
66
What is the value of (-2 - -41) + -28 + 35 + (1 - (12 + 2))?
33
What is -17 + (32 - 17) - -11 - 17?
-8
158 - (129 - 57) - 38
48
Evaluate 6 + -69 - -47 - (-1 + -19).
4
What is the value of 30 + (-19 - 31) - -53?
33
Calculate (-10 - (-17 - -7) - 6 - 7) + -2.
-15
Evaluate 19 + -34 + -41 + 41 + 125.
110
What is the value of 37 - (1 - -25) - -37?
48
What is -4 - (-1 - -1 - (-1 - -13))?
8
What is 12 + -21 - ((0 - -31) + 0) - 4?
-44
Calculate (9 - 1) + (-45 - (-16 - (-18 - (-9 + 8)))).
-38
What is the value of (64 - 137) + (1 - 28)?
-100
Evaluate 49 - (2 + -1) - (36 + -125 + 102).
35
What is the value of 93 + -14 + -41 - 23?
15
Calculate (0 + 0 - 1 - -2) + (77 - (89 + -8)).
-3
What is the value of (241 - 274) + -2 + 18 - -78?
61
Evaluate -193 + 195 + (-23 + -6 - -6).
-21
(31 - (145 + -64)) + 65
15
What is the value of -18 - (-4 + 13 - (1 + 23 + -21))?
-24
Evaluate (-39 - (6 + -27)) + (10 - 0) - (3 - 90).
79
What is (12 - -73) + 3 + -49?
39
-85 + -21 + -49 + 6 + 9
-140
What is the value of (-5 - ((9 - 21 - 10) + 2)) + 11?
26
(-73 + 173 + -109 - (-1 + 0)) + 4
-4
What is -2 + 49 + -14 + (7 - -9) - (11 + -5)?
43
21 + 16 + -5 + (19 - (